4. Determine c(-66).
274
Let h(j) = 429*j - 1186. Determine h(0).
-1186
Let b(g) = -58*g**2 + 178*g + 3087. Give b(9).
-9
Let u(f) = 3*f**2 + 232*f + 377. Determine u(-77).
300
Let k(h) = -h**3 - 26*h**2 + 115*h + 800. What is k(-29)?
-12
Let b(r) = -r**3 - 1437*r**2 - 4833*r - 1581. What is b(-3)?
12
Let a(o) = o**3 - 15*o**2 + 239*o - 5200. Calculate a(18).
74
Let k(v) = -166*v - 22222. Calculate k(-113).
-3464
Let x(l) = -8*l**2 - 156747*l + 940774. What is x(6)?
4
Let x(r) = 109*r**3 - 12*r**2 + 16*r - 4. What is x(1)?
109
Let n(b) = -41*b**2 - 1305*b - 7110. What is n(-7)?
16
Let a(s) = s**2 - 35100*s + 1087099. Determine a(31).
-40
Let s(o) = -18459*o + 129143. Determine s(7).
-70
Let b(f) = -2*f**2 + 2185*f + 46727. Give b(-21).
-40
Let d(n) = -3922*n - 282932. Give d(-72).
-548
Let m(q) = q**3 + 301*q**2 + 3893*q + 42979. Determine m(-288).
67
Let o(m) = 44366*m - 266222. Give o(6).
-26
Let o(n) = 712*n**3 - 6409*n**2 + 10*n - 1. What is o(9)?
8
Let o(g) = 14*g**2 + 311*g - 77. Calculate o(-23).
176
Let w(a) = a**2 - 91*a - 1014. Determine w(98).
-328
Let y(x) = 59*x**2 + 805*x - 1843. What is y(2)?
3
Let s(a) = 12*a**3 + 47*a**2 - 8*a + 29. Give s(-5).
-256
Let r(d) = 147*d - 11761. Give r(79).
-148
Let i(b) = -9*b**2 - 114*b + 421. Give i(4).
-179
Let u(z) = 6*z**2 - 1521*z - 8547. Determine u(259).
0
Let f(y) = 165*y + 5432. Calculate f(-33).
-13
Let o(r) = 17*r**2 - 2071*r - 364. Determine o(122).
2
Let x(u) = 2*u**3 + 19*u**2 - 107*u - 6. Determine x(4).
-2
Let g(o) = -1937*o**2 - 15387*o + 875. Give g(-8).
3
Let u(l) = l**2 - 1415*l + 253943. Determine u(211).
-101
Let b(z) = z**2 - 245*z - 39870. Calculate b(-111).
-354
Let n(o) = -125*o - 36009. Calculate n(-288).
-9
Let d(u) = -u**3 + 211*u**2 + 208*u + 1038. Calculate d(212).
190
Let q(v) = 50*v + 4415. What is q(-89)?
-35
Let m(j) = -j**3 + 30*j**2 - 181*j + 4. What is m(0)?
4
Let h(l) = -8*l**3 + 2534*l**2 + 585*l + 15553. Calculate h(317).
20
Let r(m) = m**2 - 11434*m - 229078. Give r(-20).
2
Let w(g) = 63639*g - 445142. What is w(7)?
331
Let d(u) = -u**3 - 28*u**2 - 69*u + 225. Determine d(-28).
2157
Let q(d) = d**3 + 109*d**2 - 208*d + 1574. What is q(-111)?
20
Let q(l) = l**3 + 12*l**2 - 8496*l - 59724. Determine q(-7).
-7
Let x(b) = -5*b**3 + 7*b**2 - 25*b - 82. Give x(-2).
36
Let z(s) = 2*s**2 + 31851*s - 191038. Give z(6).
140
Let t(u) = 23*u**2 - 216*u + 492. Give t(5).
-13
Let v(w) = 2*w**2 + 148126*w - 32982535. What is v(222)?
5
Let h(o) = o**3 + 48*o**2 - 1923*o - 150. Determine h(-74).
-224
Let s(g) = -9*g**3 - 230*g**2 + 4769*g + 1977. Give s(-39).
27
Let d(x) = -16*x**3 + 450*x**2 - 37*x + 62. Give d(28).
594
Let w(r) = -377532*r + 1510121. Give w(4).
-7
Let x(w) = 11*w**3 - 84*w**2 - 82*w - 1. Calculate x(-1).
-14
Let o(x) = -657*x + 10120. Determine o(15).
265
Let u(o) = 570*o + 13116. Calculate u(-23).
6
Let d(w) = w**2 - 3361*w - 250699. What is d(-73)?
-17
Let p(g) = -g**3 + 7*g**2 - 20*g + 20. Calculate p(11).
-684
Let d(n) = -89723*n + 628092. What is d(7)?
31
Let c(r) = -9*r**3 + 159*r**2 - 826*r + 124. What is c(5)?
-1156
Let s(j) = 446*j + 1248. Give s(-3).
-90
Let o(q) = -2*q**2 - 469*q - 16403. Calculate o(-153).
8536
Let u(l) = -1757*l - 918914. Calculate u(-523).
-3
Let k(l) = -155820*l - 1869840. Determine k(-12).
0
Let r(h) = -21490*h - 134196. What is r(-6)?
-5256
Let o(z) = z**3 + 2*z**2 - 22736*z - 249015. Determine o(-11).
-8
Let p(j) = -2124*j - 125262. Determine p(-59).
54
Let a(p) = -p**3 + 61*p**2 - 304*p + 14676. Determine a(60).
36
Let v(g) = 14980*g - 104968. What is v(7)?
-108
Let b(p) = p**3 + 84*p**2 + 404*p - 1607. Determine b(-78).
3385
Let p(h) = 2*h**2 + 234*h + 2998. Determine p(-104).
294
Let n(h) = h**3 - 24*h**2 - 2069*h + 33061. Determine n(15).
1
Let u(b) = -b**2 - 5224*b - 196254. What is u(-38)?
814
Let f(g) = 7465*g + 649384. Calculate f(-87).
-71
Let y(u) = -3*u**3 + 45*u**2 - 20*u + 85. What is y(15)?
-215
Let n(a) = -889*a**3 + 2669*a**2 + 212*a - 657. Give n(3).
-3
Let o(j) = 15*j**2 + 5121*j + 22126. What is o(-337)?
-116
Let r(f) = -4*f**2 - 75*f - 297. Determine r(-11).
44
Let o(z) = -6*z**3 + 60*z**2 - 136*z + 755. Determine o(9).
17
Let n(x) = -1188*x - 89101. Give n(-75).
-1
Let u(k) = 2844*k - 108100. Calculate u(38).
-28
Let p(c) = 17*c**3 + 30*c**2 - 589*c - 1212. What is p(-2)?
-50
Let h(b) = -b**3 - 18*b**2 + 326*b + 5739. Determine h(-20).
19
Let r(o) = 5026*o + 24987. Calculate r(-5).
-143
Let s(y) = 9*y**2 - 85603*y + 171214. Determine s(2).
44
Let c(s) = -660*s**2 + 76557*s + 340. What is c(116)?
-8
Let q(v) = -59908*v - 5571445. Give q(-93).
-1
Let k(z) = z**3 - 58*z**2 + 91*z - 292. What is k(56)?
-1468
Let y(z) = 2351*z + 96243. Determine y(-41).
-148
Let n(v) = 10*v**3 - 15*v**2 + 245*v - 230. What is n(1)?
10
Let j(l) = l**3 - 120*l**2 + 158*l - 7074. Calculate j(119).
-2433
Let r(j) = -26*j**2 - 1042*j + 66. Give r(-40).
146
Let m(v) = -3199*v + 35209. What is m(11)?
20
Let b(a) = -7195*a + 1172769. Determine b(163).
-16
Let g(i) = 12*i**3 + 1009*i**2 + 1086*i + 537. Calculate g(-83).
-44
Let g(m) = 11224*m - 258241. Calculate g(23).
-89
Let y(q) = 409*q + 4087. Give y(-10).
-3
Let k(w) = 95*w**2 + 7696*w + 61. Calculate k(-81).
-20
Let i(b) = 3*b**3 + 98*b**2 + 249*b + 2916. Give i(-31).
2
Let d(v) = 2*v**3 + 272*v**2 - 2854*v + 9675. What is d(-146)?
39
Let h(z) = 302*z**3 - 2*z**2 - 2493*z + 4979. Calculate h(2).
2401
Let z(i) = 7*i**3 + 5*i**2 - 46*i + 40. What is z(1)?
6
Let z(d) = -174*d - 16390. Give z(-93).
-208
Let s(g) = -g**3 - 242*g**2 + 331*g + 80109. What is s(-242)?
7
Let o(n) = 15240*n**2 + 60959*n - 50. What is o(-4)?
-46
Let h(a) = 163972*a - 1475752. What is h(9)?
-4
Let u(l) = l**2 - 61*l - 100. Give u(52).
-568
Let l(o) = -15*o**2 - 476*o + 733. What is l(-33)?
106
Let r(p) = -23605*p - 118053. What is r(-5)?
-28
Let b(m) = 601*m**2 + 526*m - 28. Determine b(-1).
47
Let k(i) = -165*i - 2113. Determine k(-20).
1187
Let i(m) = 1685*m - 1702. What is i(1)?
-17
Let o(g) = g**2 - 601*g + 125. Give o(0).
125
Let n(y) = y**3 - 24*y**2 + 295*y - 1683. Calculate n(11).
-11
Let s(y) = 5*y**2 + 1614*y - 5151. Calculate s(-326).
65
Let w(b) = -b**2 + 2237*b - 145429. What is w(67)?
-39
Let a(r) = 11*r**2 - 167*r - 695. Give a(19).
103
Let p(s) = s**3 - 53*s**2 + 161*s - 2965. Give p(51).
44
Let s(a) = 123*a**2 + 48*a - 56. Give s(3).
1195
Let o(j) = j**3 + 58*j**2 - 9*j - 899. Give o(-4).
1
Let n(t) = -t**2 + 10*t + 3200. Give n(61).
89
Let c(s) = 16*s**2 - 1250*s + 21741. Determine c(52).
5
Let w(q) = -q**2 - 205*q + 159652. What is w(-515)?
2
Let p(y) = -y**3 - 41*y**2 + 66*y + 116. Determine p(-43).
976
Let a(z) = -222*z - 7567. What is a(-32)?
-463
Let o(s) = s**3 + 721*s**2 - 4365*s + 18. What is o(6)?
0
Let l(x) = -16874*x - 489355. Determine l(-29).
-9
Let o(t) = -t**2 - 11848*t - 1823951. Calculate o(-156).
1
Let f(c) = -2576826*c - 54113337. Determine f(-21).
9
Let l(c) = 13321*c - 466193. Calculate l(35).
42
Let m(t) = t**3 - 197*t**2 - 63971*t + 6754. Determine m(-173).
7
Let y(g) = 7*g**2 + 618*g - 1514. Calculate y(-90).
-434
Let o(f) = f**3 + 92*f**2 + 60*f - 1568. Give o(-91).
1253
Let g(h) = 5*h**3 - 770*h**2 + 2252*h + 8. Determine g(3).
-31
Let f(o) = 1163*o + 293934. Calculate f(-253).
-305
Let t(y) = 281*y + 12897. Calculate t(-39).
1938
Let b(x) = 2*x**3 + 86*x**2 + 668*x + 104. Give b(-33).
-160
Let w(p) = 16*p**2 + 1674*p - 4069. Give w(-107).
-3
Let p(o) = 13*o + 702. What is p(-61)?
-91
Let g(t) = -229*t**2 + 2487*t + 318. Give g(11).
-34
Let q(o) = o**3 + 28*o**2 - 7*o + 262. Give q(-25).
2312
Let l(w) = -96*w - 3900. What is l(-43)?
228
Let u(n) = 30*n**2 - 829*n - 191. Calculate u(28).
117
Let q(m) = -m**3 - 184*m**2 + 595*m + 6187. Calculate q(-187).
-171
Let j(k) = 104*k**3 + 5*k**2 + 59*k + 68. Give j(-1).
-90
Let r(j) = j**2 - 16454*j + 345084. Calculate r(21).
-9
Let r(k) = -125144*k - 11888690. Give r(-95).
-10
Let g(h) = 10653*h - 138058. Determine g(13).
431
Let w(n) = -n**3 + 24*n**2 - 1597*n + 21934. Calculate w(15).
4
Let x(u) = -12*u**2 - 80*u + 321. Calculate x(-11).
-251
Let m(t) = -55*t**2 + 1753*t - 6322. Calculate m(28).
-358
Let w(f) = 2*f**2 + 33425*f + 367433. Determine w(-11).
0
Let i(t) = 21*t**2 - 1519*t - 2447. Determine i(74).